{"id":28,"date":"2015-06-17T09:09:48","date_gmt":"2015-06-17T09:09:48","guid":{"rendered":"http:\/\/www.energia.es\/wordpress\/?page_id=28"},"modified":"2015-07-01T08:09:28","modified_gmt":"2015-07-01T08:09:28","slug":"instalaciones","status":"publish","type":"page","link":"https:\/\/www.energia.es\/?page_id=28","title":{"rendered":"Instalaciones industriales"},"content":{"rendered":"<p>Instalaciones industriales.<\/p>\n<p>Tenemos amplia experiencia en el dise\u00f1o de plantas e instalaciones industriales, los ingenieros de nuestra empresa han trabajado en sectores muy dispares, cubriendo un ancho abanico de aplicaciones, desde plantas de productos qu\u00edmicos hasta instalaciones de prueba de carga de combustible en aviones.<\/p>\n<p>Tenemos experiencia en realizar TDD, auditor\u00edas t\u00e9cnicas, para clientes que desean asegurarse de que las soluciones t\u00e9cnicas que otras empresas les ofrecen son las m\u00e1s adecuadas.<\/p>\n<p><a href=\"http:\/\/www.energia.es\/wp-content\/uploads\/Celdas.png\"><img loading=\"lazy\" decoding=\"async\" class=\"alignnone  wp-image-127\" src=\"http:\/\/www.energia.es\/wp-content\/uploads\/Celdas-300x195.png\" alt=\"Celdas\" width=\"571\" height=\"371\" srcset=\"https:\/\/www.energia.es\/wp-content\/uploads\/Celdas-300x195.png 300w, https:\/\/www.energia.es\/wp-content\/uploads\/Celdas-150x98.png 150w, https:\/\/www.energia.es\/wp-content\/uploads\/Celdas-100x65.png 100w, https:\/\/www.energia.es\/wp-content\/uploads\/Celdas-200x130.png 200w, https:\/\/www.energia.es\/wp-content\/uploads\/Celdas.png 307w\" sizes=\"auto, (max-width: 571px) 100vw, 571px\" \/><\/a><\/p>\n<p><!--more--><\/p>\n<p>Estudiamos las posibles mejoras en equipamiento y los aspectos financieros asociados (retorno de la inversi\u00f3n, amortizaci\u00f3n), para asegurar al cliente la viabilidad de la inversi\u00f3n y la conveniencia o no de hacerla.<\/p>\n<p>Hemos realizado visitas a f\u00e1bricas y complejos industriales para solucionar diferentes problemas de proceso, buscando, encontrando y proponiendo soluciones que dejen satisfecho al cliente.<\/p>\n<p>Si necesita asesoramiento no lo dude, le podemos ayudar.<\/p>\n<p>Hemos trabajado como ingenier\u00eda del cliente en diversas ocasiones, asegur\u00e1ndonos de que los intereses del cliente quedasen satisfechos con la m\u00e1xima eficiencia y el menor coste.<\/p>\n<p>Normalmente disponemos del personal adecuado para cada aplicaci\u00f3n y en caso contrario nos encargamos de buscarlo de forma transparente al cliente.<\/p>\n<p>Usted s\u00f3lo recibir\u00e1 la soluci\u00f3n.<\/p>\n","protected":false},"excerpt":{"rendered":"<p>Instalaciones industriales. Tenemos amplia experiencia en el dise\u00f1o de plantas e instalaciones industriales, los ingenieros de nuestra empresa han trabajado en sectores muy dispares, cubriendo un ancho abanico de aplicaciones, desde plantas de productos qu\u00edmicos hasta instalaciones de prueba de carga de combustible en aviones. Tenemos experiencia en realizar TDD, auditor\u00edas t\u00e9cnicas, para clientes que desean asegurarse de que las soluciones t\u00e9cnicas que otras empresas les ofrecen son las m\u00e1s adecuadas.<\/p>\n","protected":false},"author":1,"featured_media":0,"parent":0,"menu_order":0,"comment_status":"closed","ping_status":"closed","template":"","meta":{"footnotes":""},"class_list":["post-28","page","type-page","status-publish","hentry"],"yoast_head":"<!-- This site is optimized with the Yoast SEO plugin v27.0 - https:\/\/yoast.com\/product\/yoast-seo-wordpress\/ -->\n<title>Instalaciones industriales - Energ\u00eda.es<\/title>\n<meta name=\"description\" content=\"Dise\u00f1o plantas e instalaciones industriales\" \/>\n<meta name=\"robots\" content=\"index, follow, max-snippet:-1, max-image-preview:large, max-video-preview:-1\" \/>\n<link rel=\"canonical\" href=\"https:\/\/www.energia.es\/?page_id=28\" \/>\n<meta property=\"og:locale\" content=\"es_ES\" \/>\n<meta property=\"og:type\" content=\"article\" \/>\n<meta property=\"og:title\" content=\"Instalaciones industriales - Energ\u00eda.es\" \/>\n<meta property=\"og:description\" content=\"Dise\u00f1o plantas e instalaciones industriales\" \/>\n<meta property=\"og:url\" content=\"https:\/\/www.energia.es\/?page_id=28\" \/>\n<meta property=\"og:site_name\" content=\"Energ\u00eda.es\" \/>\n<meta property=\"article:modified_time\" content=\"2015-07-01T08:09:28+00:00\" \/>\n<meta property=\"og:image\" content=\"http:\/\/www.energia.es\/wp-content\/uploads\/Celdas-300x195.png\" \/>\n<meta name=\"twitter:card\" content=\"summary_large_image\" \/>\n<meta name=\"twitter:label1\" content=\"Tiempo de lectura\" \/>\n\t<meta name=\"twitter:data1\" content=\"1 minuto\" \/>\n<script type=\"application\/ld+json\" class=\"yoast-schema-graph\">{\"@context\":\"https:\/\/schema.org\",\"@graph\":[{\"@type\":\"WebPage\",\"@id\":\"https:\/\/www.energia.es\/?page_id=28\",\"url\":\"https:\/\/www.energia.es\/?page_id=28\",\"name\":\"Instalaciones industriales - Energ\u00eda.es\",\"isPartOf\":{\"@id\":\"https:\/\/www.energia.es\/#website\"},\"primaryImageOfPage\":{\"@id\":\"https:\/\/www.energia.es\/?page_id=28#primaryimage\"},\"image\":{\"@id\":\"https:\/\/www.energia.es\/?page_id=28#primaryimage\"},\"thumbnailUrl\":\"http:\/\/www.energia.es\/wp-content\/uploads\/Celdas-300x195.png\",\"datePublished\":\"2015-06-17T09:09:48+00:00\",\"dateModified\":\"2015-07-01T08:09:28+00:00\",\"description\":\"Dise\u00f1o plantas e instalaciones industriales\",\"breadcrumb\":{\"@id\":\"https:\/\/www.energia.es\/?page_id=28#breadcrumb\"},\"inLanguage\":\"es\",\"potentialAction\":[{\"@type\":\"ReadAction\",\"target\":[\"https:\/\/www.energia.es\/?page_id=28\"]}]},{\"@type\":\"ImageObject\",\"inLanguage\":\"es\",\"@id\":\"https:\/\/www.energia.es\/?page_id=28#primaryimage\",\"url\":\"https:\/\/www.energia.es\/wp-content\/uploads\/Celdas.png\",\"contentUrl\":\"https:\/\/www.energia.es\/wp-content\/uploads\/Celdas.png\",\"width\":307,\"height\":200,\"caption\":\"Centros de conexi\u00f3n\"},{\"@type\":\"BreadcrumbList\",\"@id\":\"https:\/\/www.energia.es\/?page_id=28#breadcrumb\",\"itemListElement\":[{\"@type\":\"ListItem\",\"position\":1,\"name\":\"Portada\",\"item\":\"https:\/\/www.energia.es\/\"},{\"@type\":\"ListItem\",\"position\":2,\"name\":\"Instalaciones industriales\"}]},{\"@type\":\"WebSite\",\"@id\":\"https:\/\/www.energia.es\/#website\",\"url\":\"https:\/\/www.energia.es\/\",\"name\":\"Energ\u00eda.es\",\"description\":\"Servicios de ingenier\u00eda\",\"potentialAction\":[{\"@type\":\"SearchAction\",\"target\":{\"@type\":\"EntryPoint\",\"urlTemplate\":\"https:\/\/www.energia.es\/?s={search_term_string}\"},\"query-input\":{\"@type\":\"PropertyValueSpecification\",\"valueRequired\":true,\"valueName\":\"search_term_string\"}}],\"inLanguage\":\"es\"}]}<\/script>\n<!-- \/ Yoast SEO plugin. -->","yoast_head_json":{"title":"Instalaciones industriales - Energ\u00eda.es","description":"Dise\u00f1o plantas e instalaciones industriales","robots":{"index":"index","follow":"follow","max-snippet":"max-snippet:-1","max-image-preview":"max-image-preview:large","max-video-preview":"max-video-preview:-1"},"canonical":"https:\/\/www.energia.es\/?page_id=28","og_locale":"es_ES","og_type":"article","og_title":"Instalaciones industriales - Energ\u00eda.es","og_description":"Dise\u00f1o plantas e instalaciones industriales","og_url":"https:\/\/www.energia.es\/?page_id=28","og_site_name":"Energ\u00eda.es","article_modified_time":"2015-07-01T08:09:28+00:00","og_image":[{"url":"http:\/\/www.energia.es\/wp-content\/uploads\/Celdas-300x195.png","type":"","width":"","height":""}],"twitter_card":"summary_large_image","twitter_misc":{"Tiempo de lectura":"1 minuto"},"schema":{"@context":"https:\/\/schema.org","@graph":[{"@type":"WebPage","@id":"https:\/\/www.energia.es\/?page_id=28","url":"https:\/\/www.energia.es\/?page_id=28","name":"Instalaciones industriales - Energ\u00eda.es","isPartOf":{"@id":"https:\/\/www.energia.es\/#website"},"primaryImageOfPage":{"@id":"https:\/\/www.energia.es\/?page_id=28#primaryimage"},"image":{"@id":"https:\/\/www.energia.es\/?page_id=28#primaryimage"},"thumbnailUrl":"http:\/\/www.energia.es\/wp-content\/uploads\/Celdas-300x195.png","datePublished":"2015-06-17T09:09:48+00:00","dateModified":"2015-07-01T08:09:28+00:00","description":"Dise\u00f1o plantas e instalaciones industriales","breadcrumb":{"@id":"https:\/\/www.energia.es\/?page_id=28#breadcrumb"},"inLanguage":"es","potentialAction":[{"@type":"ReadAction","target":["https:\/\/www.energia.es\/?page_id=28"]}]},{"@type":"ImageObject","inLanguage":"es","@id":"https:\/\/www.energia.es\/?page_id=28#primaryimage","url":"https:\/\/www.energia.es\/wp-content\/uploads\/Celdas.png","contentUrl":"https:\/\/www.energia.es\/wp-content\/uploads\/Celdas.png","width":307,"height":200,"caption":"Centros de conexi\u00f3n"},{"@type":"BreadcrumbList","@id":"https:\/\/www.energia.es\/?page_id=28#breadcrumb","itemListElement":[{"@type":"ListItem","position":1,"name":"Portada","item":"https:\/\/www.energia.es\/"},{"@type":"ListItem","position":2,"name":"Instalaciones industriales"}]},{"@type":"WebSite","@id":"https:\/\/www.energia.es\/#website","url":"https:\/\/www.energia.es\/","name":"Energ\u00eda.es","description":"Servicios de ingenier\u00eda","potentialAction":[{"@type":"SearchAction","target":{"@type":"EntryPoint","urlTemplate":"https:\/\/www.energia.es\/?s={search_term_string}"},"query-input":{"@type":"PropertyValueSpecification","valueRequired":true,"valueName":"search_term_string"}}],"inLanguage":"es"}]}},"_links":{"self":[{"href":"https:\/\/www.energia.es\/index.php?rest_route=\/wp\/v2\/pages\/28","targetHints":{"allow":["GET"]}}],"collection":[{"href":"https:\/\/www.energia.es\/index.php?rest_route=\/wp\/v2\/pages"}],"about":[{"href":"https:\/\/www.energia.es\/index.php?rest_route=\/wp\/v2\/types\/page"}],"author":[{"embeddable":true,"href":"https:\/\/www.energia.es\/index.php?rest_route=\/wp\/v2\/users\/1"}],"replies":[{"embeddable":true,"href":"https:\/\/www.energia.es\/index.php?rest_route=%2Fwp%2Fv2%2Fcomments&post=28"}],"version-history":[{"count":0,"href":"https:\/\/www.energia.es\/index.php?rest_route=\/wp\/v2\/pages\/28\/revisions"}],"wp:attachment":[{"href":"https:\/\/www.energia.es\/index.php?rest_route=%2Fwp%2Fv2%2Fmedia&parent=28"}],"curies":[{"name":"wp","href":"https:\/\/api.w.org\/{rel}","templated":true}]}}